{"id":1281,"date":"2023-06-16T12:10:44","date_gmt":"2023-06-16T17:10:44","guid":{"rendered":"https:\/\/idheas.org.mx\/personas-defensoras-ddhh-periodistas\/?page_id=1281"},"modified":"2023-06-27T10:42:02","modified_gmt":"2023-06-27T15:42:02","slug":"convocatorias-de-la-union-europea","status":"publish","type":"page","link":"https:\/\/idheas.org.mx\/personas-defensoras-ddhh-periodistas\/convocatorias-de-la-union-europea\/","title":{"rendered":"Convocatorias de la Uni\u00f3n Europea"},"content":{"rendered":"\t\t<div data-elementor-type=\"wp-page\" data-elementor-id=\"1281\" class=\"elementor elementor-1281\">\n\t\t\t\t\t\t\t\t\t<section class=\"elementor-section elementor-top-section elementor-element elementor-element-16746d60 elementor-section-boxed elementor-section-height-default elementor-section-height-default\" data-id=\"16746d60\" data-element_type=\"section\" id=\"info_section\" data-settings=\"{&quot;_ha_eqh_enable&quot;:false}\">\n\t\t\t\t\t\t<div class=\"elementor-container elementor-column-gap-default\">\n\t\t\t\t\t<div class=\"elementor-column elementor-col-100 elementor-top-column elementor-element elementor-element-66ec0716\" data-id=\"66ec0716\" data-element_type=\"column\">\n\t\t\t<div class=\"elementor-widget-wrap elementor-element-populated\">\n\t\t\t\t\t\t\t\t<div class=\"elementor-element elementor-element-5016c8a1 elementor-widget-tablet__width-initial elementor-widget-mobile__width-initial elementor-widget elementor-widget-heading\" data-id=\"5016c8a1\" data-element_type=\"widget\" data-widget_type=\"heading.default\">\n\t\t\t\t<div class=\"elementor-widget-container\">\n\t\t\t<style>\/*! elementor - v3.8.1 - 13-11-2022 *\/\n.elementor-heading-title{padding:0;margin:0;line-height:1}.elementor-widget-heading .elementor-heading-title[class*=elementor-size-]>a{color:inherit;font-size:inherit;line-height:inherit}.elementor-widget-heading .elementor-heading-title.elementor-size-small{font-size:15px}.elementor-widget-heading .elementor-heading-title.elementor-size-medium{font-size:19px}.elementor-widget-heading .elementor-heading-title.elementor-size-large{font-size:29px}.elementor-widget-heading .elementor-heading-title.elementor-size-xl{font-size:39px}.elementor-widget-heading .elementor-heading-title.elementor-size-xxl{font-size:59px}<\/style><h2 class=\"elementor-heading-title elementor-size-default\">Convocatorias de la Uni\u00f3n Europea<\/h2>\t\t<\/div>\n\t\t\t\t<\/div>\n\t\t\t\t<div class=\"elementor-element elementor-element-c3263b7 eael-dual-header-content-align-left elementor-widget elementor-widget-eael-dual-color-header\" data-id=\"c3263b7\" data-element_type=\"widget\" data-widget_type=\"eael-dual-color-header.default\">\n\t\t\t\t<div class=\"elementor-widget-container\">\n\t\t\t\n\t\t        <div class=\"eael-dual-header\">\n\t\t\t\t<h2 class=\"title\"><span  class=\"lead solid-color\"><\/span> <span><\/span><\/h2>\n\t\t\t\t<span class=\"subtext\"><h5><strong>Convocatoria de propuestas - Mecanismo para Defensores y Defensoras Ambientales en la regi\u00f3n Mesoamericana, con particular \u00e9nfasis en los Cinco Grandes Bosques de Mesoam\u00e9rica<\/strong><strong>.<\/strong><\/h5><p>El objetivo global de esta convocatoria es establecer un mecanismo regional inclusivo y sensible al enfoque de derechos y g\u00e9nero, con el prop\u00f3sito de monitorear, salvaguardar y proteger a las personas defensoras ambientales en Mesoam\u00e9rica, con particular \u00e9nfasis en los Cinco Grandes Bosques de la regi\u00f3n.<\/p><p style=\"font-weight: 400;\">Para obtener m\u00e1s informaci\u00f3n detallada sobre esta convocatoria, pueden acceder a la Gu\u00eda para los solicitantes en el siguiente enlace: <a href=\"https:\/\/webgate.ec.europa.eu\/europeaid\/online-services\/index.cfm?ADSSChck=1686966031931&amp;do=publi.detPUB&amp;searchtype=QS&amp;orderby=upd&amp;orderbyad=Desc&amp;nbPubliList=15&amp;page=1&amp;aoref=178440\" data-saferedirecturl=\"https:\/\/www.google.com\/url?q=https:\/\/webgate.ec.europa.eu\/europeaid\/online-services\/index.cfm?ADSSChck%3D1686966031931%26do%3Dpubli.detPUB%26searchtype%3DQS%26orderby%3Dupd%26orderbyad%3DDesc%26nbPubliList%3D15%26page%3D1%26aoref%3D178440&amp;source=gmail&amp;ust=1687960832600000&amp;usg=AOvVaw1Q3K9F_Gczgry8XWO74GRx\">https:\/\/webgate.ec.europa.eu\/europeaid\/online-services\/index.cfm?ADSSChck=1686966031931&amp;do=publi.detPUB&amp;searchtype=QS&amp;orderby=upd&amp;orderbyad=Desc&amp;nbPubliList=15&amp;page=1&amp;aoref=178440<\/a><\/p><p style=\"font-weight: 400;\"><strong>Una sesi\u00f3n informativa<\/strong>\u00a0sobre esta convocatoria de propuestas tendr\u00e1 lugar el\u00a0<strong>05\/07\/2023 en modalidad virtual a las 8:30 AM<\/strong>\u00a0(hora local Costa Rica). Ver detalles para participar en la Gu\u00eda de Solicitantes.<\/p><p style=\"font-weight: 400;\"><strong>El plazo l\u00edmite<\/strong>\u00a0para la presentaci\u00f3n de los documentos es el\u00a0<strong>31\/08\/2023 a las 23:00\u00a0<\/strong>(fecha y hora de Bruselas).<\/p><p style=\"font-weight: 400;\">Para consultas adicionales, favor de ponerse en contacto con nuestro equipo a trav\u00e9s de\u00a0<a href=\"mailto:DELEGATION-COSTA-RICA-5-GRANDES-BOSQUES@eeas.europa.eu\">DELEGATION-COSTA-RICA-5-GRANDES-BOSQUES@eeas.europa.eu<\/a><\/p><\/span>\n\t\t\t\t<\/div>\n\t\n\t\t\n\t\t\n\t\t\n\t\t\t\t<\/div>\n\t\t\t\t<\/div>\n\t\t\t\t<div class=\"elementor-element elementor-element-2c2f350 elementor-widget-divider--separator-type-pattern elementor-widget-divider--no-spacing elementor-widget-divider--view-line elementor-widget elementor-widget-divider\" data-id=\"2c2f350\" data-element_type=\"widget\" data-widget_type=\"divider.default\">\n\t\t\t\t<div class=\"elementor-widget-container\">\n\t\t\t<style>\/*! elementor - v3.8.1 - 13-11-2022 *\/\n.elementor-widget-divider{--divider-border-style:none;--divider-border-width:1px;--divider-color:#2c2c2c;--divider-icon-size:20px;--divider-element-spacing:10px;--divider-pattern-height:24px;--divider-pattern-size:20px;--divider-pattern-url:none;--divider-pattern-repeat:repeat-x}.elementor-widget-divider .elementor-divider{display:-webkit-box;display:-ms-flexbox;display:flex}.elementor-widget-divider .elementor-divider__text{font-size:15px;line-height:1;max-width:95%}.elementor-widget-divider .elementor-divider__element{margin:0 var(--divider-element-spacing);-ms-flex-negative:0;flex-shrink:0}.elementor-widget-divider .elementor-icon{font-size:var(--divider-icon-size)}.elementor-widget-divider .elementor-divider-separator{display:-webkit-box;display:-ms-flexbox;display:flex;margin:0;direction:ltr}.elementor-widget-divider--view-line_icon .elementor-divider-separator,.elementor-widget-divider--view-line_text .elementor-divider-separator{-webkit-box-align:center;-ms-flex-align:center;align-items:center}.elementor-widget-divider--view-line_icon .elementor-divider-separator:after,.elementor-widget-divider--view-line_icon .elementor-divider-separator:before,.elementor-widget-divider--view-line_text .elementor-divider-separator:after,.elementor-widget-divider--view-line_text .elementor-divider-separator:before{display:block;content:\"\";border-bottom:0;-webkit-box-flex:1;-ms-flex-positive:1;flex-grow:1;border-top:var(--divider-border-width) var(--divider-border-style) var(--divider-color)}.elementor-widget-divider--element-align-left .elementor-divider .elementor-divider-separator>.elementor-divider__svg:first-of-type{-webkit-box-flex:0;-ms-flex-positive:0;flex-grow:0;-ms-flex-negative:100;flex-shrink:100}.elementor-widget-divider--element-align-left .elementor-divider-separator:before{content:none}.elementor-widget-divider--element-align-left .elementor-divider__element{margin-left:0}.elementor-widget-divider--element-align-right .elementor-divider .elementor-divider-separator>.elementor-divider__svg:last-of-type{-webkit-box-flex:0;-ms-flex-positive:0;flex-grow:0;-ms-flex-negative:100;flex-shrink:100}.elementor-widget-divider--element-align-right .elementor-divider-separator:after{content:none}.elementor-widget-divider--element-align-right .elementor-divider__element{margin-right:0}.elementor-widget-divider:not(.elementor-widget-divider--view-line_text):not(.elementor-widget-divider--view-line_icon) .elementor-divider-separator{border-top:var(--divider-border-width) var(--divider-border-style) var(--divider-color)}.elementor-widget-divider--separator-type-pattern{--divider-border-style:none}.elementor-widget-divider--separator-type-pattern.elementor-widget-divider--view-line .elementor-divider-separator,.elementor-widget-divider--separator-type-pattern:not(.elementor-widget-divider--view-line) .elementor-divider-separator:after,.elementor-widget-divider--separator-type-pattern:not(.elementor-widget-divider--view-line) .elementor-divider-separator:before,.elementor-widget-divider--separator-type-pattern:not([class*=elementor-widget-divider--view]) .elementor-divider-separator{width:100%;min-height:var(--divider-pattern-height);-webkit-mask-size:var(--divider-pattern-size) 100%;mask-size:var(--divider-pattern-size) 100%;-webkit-mask-repeat:var(--divider-pattern-repeat);mask-repeat:var(--divider-pattern-repeat);background-color:var(--divider-color);-webkit-mask-image:var(--divider-pattern-url);mask-image:var(--divider-pattern-url)}.elementor-widget-divider--no-spacing{--divider-pattern-size:auto}.elementor-widget-divider--bg-round{--divider-pattern-repeat:round}.rtl .elementor-widget-divider .elementor-divider__text{direction:rtl}.e-con-inner>.elementor-widget-divider,.e-con>.elementor-widget-divider{width:var(--container-widget-width,100%)}<\/style>\t\t<div class=\"elementor-divider\" style=\"--divider-pattern-url: url(&quot;data:image\/svg+xml,%3Csvg xmlns=&#039;http:\/\/www.w3.org\/2000\/svg&#039; preserveAspectRatio=&#039;xMidYMid meet&#039; overflow=&#039;visible&#039; height=&#039;100%&#039; viewBox=&#039;0 0 126 26&#039; fill=&#039;black&#039; stroke=&#039;none&#039;%3E%3Cpath d=&#039;M3,10.2c2.6,0,2.6,2,2.6,3.2S4.4,16.5,3,16.5s-3-1.4-3-3.2S0.4,10.2,3,10.2z M18.8,10.2c1.7,0,3.2,1.4,3.2,3.2s-1.4,3.2-3.2,3.2c-1.7,0-3.2-1.4-3.2-3.2S17,10.2,18.8,10.2z M34.6,10.2c1.5,0,2.6,1.4,2.6,3.2s-0.5,3.2-1.9,3.2c-1.5,0-3.4-1.4-3.4-3.2S33.1,10.2,34.6,10.2z M50.5,10.2c1.7,0,3.2,1.4,3.2,3.2s-1.4,3.2-3.2,3.2c-1.7,0-3.3-0.9-3.3-2.6S48.7,10.2,50.5,10.2z M66.2,10.2c1.5,0,3.4,1.4,3.4,3.2s-1.9,3.2-3.4,3.2c-1.5,0-2.6-0.4-2.6-2.1S64.8,10.2,66.2,10.2z M82.2,10.2c1.7,0.8,2.6,1.4,2.6,3.2s-0.1,3.2-1.6,3.2c-1.5,0-3.7-1.4-3.7-3.2S80.5,9.4,82.2,10.2zM98.6,10.2c1.5,0,2.6,0.4,2.6,2.1s-1.2,4.2-2.6,4.2c-1.5,0-3.7-0.4-3.7-2.1S97.1,10.2,98.6,10.2z M113.4,10.2c1.2,0,2.2,0.9,2.2,3.2s-0.1,3.2-1.3,3.2s-3.1-1.4-3.1-3.2S112.2,10.2,113.4,10.2z&#039;\/%3E%3C\/svg%3E&quot;);\">\n\t\t\t<span class=\"elementor-divider-separator\">\n\t\t\t\t\t\t<\/span>\n\t\t<\/div>\n\t\t\t\t<\/div>\n\t\t\t\t<\/div>\n\t\t\t\t<div class=\"elementor-element elementor-element-6d3aeb48 eael-dual-header-content-align-left elementor-widget elementor-widget-eael-dual-color-header\" data-id=\"6d3aeb48\" data-element_type=\"widget\" data-widget_type=\"eael-dual-color-header.default\">\n\t\t\t\t<div class=\"elementor-widget-container\">\n\t\t\t\n\t\t        <div class=\"eael-dual-header\">\n\t\t\t\t<h2 class=\"title\"><span  class=\"lead solid-color\"><\/span> <span><\/span><\/h2>\n\t\t\t\t<span class=\"subtext\"><h5><strong>Convocatoria de propuestas - Derechos Humanos y Democracia - M\u00e9xico 2023<\/strong><strong>.<\/strong><\/h5><p><span lang=\"ES-TRAD\" xml:lang=\"ES-TRAD\">La Comisi\u00f3n Europea invita a presentar propuestas para hacer incidencia en pol\u00edticas p\u00fablicas en materia de\u00a0<\/span><span lang=\"ES\" xml:lang=\"ES\">prevenci\u00f3n, atenci\u00f3n a familiares, b\u00fasqueda e investigaci\u00f3n de casos de desaparici\u00f3n y desaparici\u00f3n forzada de personas; de acceso a la justicia e impunidad; derechos humanos y nuevas tecnolog\u00edas y, erradicaci\u00f3n de la trata de ni\u00f1as, ni\u00f1os y adolescentes<\/span><span lang=\"ES-TRAD\" xml:lang=\"ES-TRAD\">, con ayuda financiera del programa:\u00a0<\/span><span lang=\"ES\" xml:lang=\"ES\">Global Europe Thematic Programme on Human Rights and Democracy<\/span><span lang=\"ES-TRAD\" xml:lang=\"ES-TRAD\">.<\/span><\/p><p><span lang=\"ES-TRAD\" xml:lang=\"ES-TRAD\">El texto \u00edntegro de la Gu\u00eda para los solicitantes se puede consultar en los siguientes enlaces:<\/span><\/p><p><span lang=\"ES-TRAD\" xml:lang=\"ES-TRAD\">1.\u00a0<\/span><a class=\"ext\" href=\"https:\/\/webgate.ec.europa.eu\/europeaid\/online-services\/index.cfm?ADSSChck=1686761373351&amp;do=publi.detPUB&amp;page=1&amp;searchtype=QS&amp;orderby=upd&amp;nbPubliList=15&amp;orderbyad=Desc&amp;aoref=177887&amp;userlanguage=es\" target=\"_blank\" rel=\"noopener noreferrer\" data-extlink=\"\">Convocatorias de propuestas &amp; anuncios de licitaci\u00f3n<\/a><\/p><p><span lang=\"ES-TRAD\" xml:lang=\"ES-TRAD\">2.\u00a0<a class=\"ext\" href=\"https:\/\/ec.europa.eu\/info\/funding-tenders\/opportunities\/portal\/screen\/opportunities\/prospect-details\/177887PROSPECTSEN;callCode=null;freeTextSearchKeyword=177887;matchWholeText=false;typeCodes=1,2,8;statusCodes=31094502;programmePeriod=null;programCcm2Id=null;programDivisionCode=null;focusAreaCode=null;destinationGroup=null;missionGroup=null;geographicalZonesCode=null;programmeDivisionProspect=null;startDateLte=null;startDateGte=null;crossCuttingPriorityCode=null;cpvCode=null;performanceOfDelivery=null;sortQuery=sortStatus;orderBy=asc;onlyTenders=false;topicListKey=topicSearchTablePageState\" target=\"_blank\" rel=\"noopener noreferrer\" data-extlink=\"\">Funding &amp; tender opportunities<\/a><\/span><\/p><p><span lang=\"ES-TRAD\" xml:lang=\"ES-TRAD\"><strong>El plazo l\u00edmite<\/strong> para la presentaci\u00f3n de propuestas es <strong>julio 28 de 2023 a las 23:00h<\/strong> hora de Bruselas.<\/span><\/p><\/span>\n\t\t\t\t<\/div>\n\t\n\t\t\n\t\t\n\t\t\n\t\t\t\t<\/div>\n\t\t\t\t<\/div>\n\t\t\t\t\t<\/div>\n\t\t<\/div>\n\t\t\t\t\t\t\t<\/div>\n\t\t<\/section>\n\t\t\t\t\t\t\t<\/div>\n\t\t","protected":false},"excerpt":{"rendered":"<p>Convocatorias de la Uni\u00f3n Europea Convocatoria de propuestas &#8211; Mecanismo para Defensores y Defensoras Ambientales en la regi\u00f3n Mesoamericana, con particular \u00e9nfasis en los Cinco Grandes Bosques de Mesoam\u00e9rica. El objetivo global de esta convocatoria es establecer un mecanismo regional inclusivo y sensible al enfoque de derechos y g\u00e9nero, con el prop\u00f3sito de monitorear, salvaguardar [&hellip;]<\/p>\n","protected":false},"author":1,"featured_media":0,"parent":0,"menu_order":0,"comment_status":"closed","ping_status":"closed","template":"","meta":{"footnotes":""},"class_list":["post-1281","page","type-page","status-publish","hentry"],"_links":{"self":[{"href":"https:\/\/idheas.org.mx\/personas-defensoras-ddhh-periodistas\/wp-json\/wp\/v2\/pages\/1281","targetHints":{"allow":["GET"]}}],"collection":[{"href":"https:\/\/idheas.org.mx\/personas-defensoras-ddhh-periodistas\/wp-json\/wp\/v2\/pages"}],"about":[{"href":"https:\/\/idheas.org.mx\/personas-defensoras-ddhh-periodistas\/wp-json\/wp\/v2\/types\/page"}],"author":[{"embeddable":true,"href":"https:\/\/idheas.org.mx\/personas-defensoras-ddhh-periodistas\/wp-json\/wp\/v2\/users\/1"}],"replies":[{"embeddable":true,"href":"https:\/\/idheas.org.mx\/personas-defensoras-ddhh-periodistas\/wp-json\/wp\/v2\/comments?post=1281"}],"version-history":[{"count":22,"href":"https:\/\/idheas.org.mx\/personas-defensoras-ddhh-periodistas\/wp-json\/wp\/v2\/pages\/1281\/revisions"}],"predecessor-version":[{"id":1313,"href":"https:\/\/idheas.org.mx\/personas-defensoras-ddhh-periodistas\/wp-json\/wp\/v2\/pages\/1281\/revisions\/1313"}],"wp:attachment":[{"href":"https:\/\/idheas.org.mx\/personas-defensoras-ddhh-periodistas\/wp-json\/wp\/v2\/media?parent=1281"}],"curies":[{"name":"wp","href":"https:\/\/api.w.org\/{rel}","templated":true}]}}